the thousands digit of 5586?
5
What is the ten thousands digit of 61181?
6
What is the thousands digit of 5532?
5
What is the units digit of 63265?
5
What is the hundreds digit of 524?
5
What is the tens digit of 1132?
3
What is the tens digit of 7815?
1
What is the tens digit of 5458?
5
What is the tens digit of 1189?
8
What is the tens digit of 1311?
1
What is the units digit of 25527?
7
What is the thousands digit of 3190?
3
What is the thousands digit of 22313?
2
What is the thousands digit of 1209?
1
What is the thousands digit of 33613?
3
What is the units digit of 141809?
9
What is the thousands digit of 14618?
4
What is the units digit of 25502?
2
What is the tens digit of 50815?
1
What is the tens digit of 9528?
2
What is the thousands digit of 9291?
9
What is the thousands digit of 28167?
8
What is the hundreds digit of 18440?
4
What is the ten thousands digit of 22305?
2
What is the hundreds digit of 21038?
0
What is the units digit of 753?
3
What is the hundreds digit of 22772?
7
What is the hundreds digit of 2235?
2
What is the thousands digit of 17992?
7
What is the thousands digit of 16004?
6
What is the hundreds digit of 134113?
1
What is the hundreds digit of 887?
8
What is the thousands digit of 45670?
5
What is the units digit of 10161?
1
What is the units digit of 6783?
3
What is the units digit of 6403?
3
What is the units digit of 25705?
5
What is the units digit of 10614?
4
What is the thousands digit of 6031?
6
What is the thousands digit of 107880?
7
What is the units digit of 117763?
3
What is the tens digit of 330?
3
What is the tens digit of 1880?
8
What is the tens digit of 414?
1
What is the tens digit of 27175?
7
What is the hundreds digit of 3593?
5
What is the thousands digit of 83940?
3
What is the ten thousands digit of 77138?
7
What is the units digit of 3767?
7
What is the ten thousands digit of 100626?
0
What is the ten thousands digit of 12717?
1
What is the thousands digit of 1362?
1
What is the ten thousands digit of 21988?
2
What is the thousands digit of 3576?
3
What is the thousands digit of 43832?
3
What is the tens digit of 2113?
1
What is the thousands digit of 8468?
8
What is the thousands digit of 3586?
3
What is the units digit of 4395?
5
What is the tens digit of 3939?
3
What is the tens digit of 10031?
3
What is the units digit of 400?
0
What is the ten thousands digit of 39379?
3
What is the hundreds digit of 462?
4
What is the thousands digit of 9523?
9
What is the thousands digit of 1010?
1
What is the tens digit of 895?
9
What is the units digit of 61645?
5
What is the tens digit of 2590?
9
What is the units digit of 1483?
3
What is the thousands digit of 5698?
5
What is the ten thousands digit of 23998?
2
What is the thousands digit of 4706?
4
What is the thousands digit of 1647?
1
What is the tens digit of 2051?
5
What is the units digit of 74183?
3
What is the tens digit of 70144?
4
What is the thousands digit of 16503?
6
What is the thousands digit of 7139?
7
What is the tens digit of 1083?
8
What is the hundreds digit of 6931?
9
What is the hundreds digit of 661?
6
What is the ten thousands digit of 17413?
1
What is the hundreds digit of 7858?
8
What is the tens digit of 6511?
1
What is the units digit of 2555?
5
What is the units digit of 776?
6
What is the tens digit of 3385?
8
What is the thousands digit of 4073?
4
What is the hundreds digit of 23462?
4
What is the thousands digit of 7003?
7
What is the tens digit of 621?
2
What is the hundreds digit of 2294?
2
What is the units digit of 1614?
4
What is the tens digit of 52995?
9
What is the hundreds digit of 23260?
2
What is the units digit of 8?
8
What is the ten thousands digit of 42267?
4
What is the tens digit of 1764?
6
What is the units digit of 5722?
2
What is the tens digit of 68179?
7
What is the thousands digit of 67230?
7
What is the tens digit of 9380?
8
What is the units digit of 21766?
6
What is the units digit of 1756?
6
What is the thousands digit of 1199?
1
What is the hundreds digit of 7779?
7
What is the units digit of 68186?
6
What is the hundreds digit of 1264?
2
What is the thousands digit of 58712?
8
What is the thousands digit of 5013?
5
What is the units digit of 381?
1
What is the hundreds digit of 1127?
1
What is the hundreds digit of 104405?
4
What is the thousands digit of 1086?
1
What is the hundreds digit of 3261?
2
What is the tens digit of 38807?
0
What is the units digit of 4578?
8
What is the thousands digit of 10210?
0
What is the units digit of 351?
1
What is the tens digit of 4145?
4
What is the tens digit of 33413?
1
What is the tens digit of 2349?
4
What is the tens digit of 2413?
1
What is the thousands digit of 57690?
7
What is the ten thousands digit of 18446?
1
What is the thousands digit of 2679?
2
What is the tens digit of 18360?
6
What is the tens digit of 70635?
3
What is the hundreds digit of 643?
6
What is the hundreds digit of 2003?
0
What is the units digit of 21954?
4
What is the thousands digit of 3566?
3
What is the hundreds digit of 1408?
4
What is the units digit of 20?
0
What is the units digit of 1743?
3
What is the thousands digit of 3883?
3
What is the units digit of 641?
1
What is the units digit of 1375?
5
What is the units digit of 4932?
2
What is the hundreds digit of 51459?
4
What is the ten thousands digit of 15205?
1
What is the hundred thousands digit of 111204?
1
What is the units digit of 11030?
0
What is the tens digit of 29432?
3
What is the hundreds digit of 1986?
9
What is the units digit of 2400?
0
What is the hundreds digit of 1443?
4
What is the thousands digit of 5053?
5
What is the thousands digit of 3909?
3
What is the units digit of 9939?
9
What is the hundreds digit of 169?
1
What is the units digit of 129562?
2
What is the hundreds digit of 516?
5
What is the hundreds digit of 20691?
6
What is the hundreds digit of 3075?
0
What is the thousands digit of 70977?
0
What is the ten thousands digit of 156671?
5
What is the tens digit of 5476?
7
What is the units digit of 1834?
4
What is the units digit of 36496?
6
What is the tens digit of 4361?
6
What is the ten thousands digit of 15145?
1
What is the units digit of 3630?
0
What is the hundreds digit of 8723?
7
What is the hundreds digit of 1475?
4
What is the units digit of 2705?
5
What is the hundreds digit of 97613?
6
What is the thousands digit of 2168?
2
What is the hundreds digit of 2748?
7
What is the ten thousands digit of 13587?
1
What is the units digit of 640?
0
What is the thousands digit of 4584?
4
What is the tens digit of 30997?
9
What is the units digit of 3953?
3
What is the tens digit of 924?
2
What is the ten thousands digit of 86212?
8
What is the units digit of 90?
0
What is the units digit of 503?
3
What is the ten thousands digit of 23915?
2
What is the tens digit of 4007?
0
What is the tens digit of 3274?
7
What is the tens digit of 58719?
1
What is the units digit of 5001?
1
What is the units digit of 108094?
4
What is the tens digit of 67597?
9
What is the units digit of 8519?
9
What is the hundreds digit of 530?
5
What is the units digit of 857?
7
What is the thousands digit of 5125?
5
What is the ten thousands digit of 12022?
1
What is the units digit of 2065?
5
What is the hundreds digit of 78308?
3
What is the ten thousands digit of 43026?
4
What is the tens digit of 1654?
5
What is the hundreds digit of 7911?
9
What is the tens digit of 711?
1
What is the tens digit of 49544?
4
What is the hundreds digit of 670?
6
What is the units digit of 1922?
2
What is the tens digit of 36514?
1
What is the thousands digit of 1726?
1
What is the hundreds digit of 2285?
2
What is the units digit of 327?
7
What is the units digit of 359?
9
What is the units digit of 795?
5
What is the tens digit of 4549?
4
What is the tens digit of 8211?
1
What is the thousands digit of 5199?
5
What is the thousands digit of 19814?
9
What is the units digit of 2371?
1
What is the hundreds digit of 3130?
1
What is the hundreds digit of 511?
5
What is the hundreds digit of 695?
6
What is the thousands digit of 8307?
8
What is the units digit of 14924?
4
What is the thousands digit of 2697?
2
What is the units digit of 244?
4
What is the hundreds digit of 1616?
6
What is the hundreds digit of 8828?
8